{"id":660,"date":"2023-06-13T08:52:56","date_gmt":"2023-06-13T08:52:56","guid":{"rendered":"https:\/\/www.kesakotikallioniemi.fi\/web\/?page_id=660"},"modified":"2023-06-13T09:47:02","modified_gmt":"2023-06-13T09:47:02","slug":"kallioniemi-on-kaikille-turvallinen-tila","status":"publish","type":"page","link":"http:\/\/www.kesakotikallioniemi.fi\/web\/?page_id=660","title":{"rendered":"Kallioniemi on kaikille turvallinen tila"},"content":{"rendered":"\n<p><\/p>\n\n\n\n<p><strong>Kunnioita toisen henkil\u00f6kohtaista fyysist\u00e4 ja psyykkist\u00e4 tilaa<\/strong>.<\/p>\n\n\n\n<p>Kunnioita itsem\u00e4\u00e4r\u00e4\u00e4misoikeutta. \u00c4l\u00e4 koske toista kysym\u00e4tt\u00e4 lupaa. Muista, ettet voi tiet\u00e4\u00e4 toisen rajoja kysym\u00e4tt\u00e4 niit\u00e4. Pyyd\u00e4 tilaa my\u00f6s itsellesi tarvittaessa.<\/p>\n\n\n\n<p><\/p>\n\n\n\n<p><strong>\u00c4l\u00e4 pilkkaa, ivaa, halvenna, sys\u00e4\u00e4 syrj\u00e4\u00e4n tai nolaa ket\u00e4\u00e4n puheillasi, k\u00e4yt\u00f6ksell\u00e4si tai teoillasi.<\/strong><\/p>\n\n\n\n<p>Pit\u00e4ydy ulkon\u00e4\u00f6n arvostelusta, juoruilusta ja stereotypioiden yll\u00e4pit\u00e4misest\u00e4.<\/p>\n\n\n\n<p><\/p>\n\n\n\n<p><strong>\u00c4l\u00e4 tee oletuksia ulkon\u00e4k\u00f6\u00f6n tai toimintaan perustuen.<\/strong><\/p>\n\n\n\n<p>\u00c4l\u00e4 tee oletuksia kenenk\u00e4\u00e4n seksuaalisuudesta, sukupuolesta, kansallisuudesta,<\/p>\n\n\n\n<p>etnisyydest\u00e4, uskonnosta, arvoista, sosioekonomisesta taustasta,<\/p>\n\n\n\n<p>terveydest\u00e4 tai toimintakyvyst\u00e4.<\/p>\n\n\n\n<p><\/p>\n\n\n\n<p><strong>Anna tilaa.<\/strong><\/p>\n\n\n\n<p>Pyri huolehtimaan siit\u00e4, ett\u00e4 kaikilla on mahdollisuus osallistua keskusteluun.<\/p>\n\n\n\n<p>\u00c4l\u00e4 jyr\u00e4\u00e4 muiden mielipiteit\u00e4 ja anna puheenvuoro. Kunnioita my\u00f6s toisten<\/p>\n\n\n\n<p>yksityisyytt\u00e4 ja k\u00e4sittele arkoja aiheita kunnioittavasti.<\/p>\n\n\n\n<p><\/p>\n\n\n\n<p><strong>Kuuntele ja opi.<\/strong><\/p>\n\n\n\n<p>Ota vastaan uudet aiheet, henkil\u00f6t ja n\u00e4k\u00f6kulmat ennakkoluulottomasti. Suhtaudu jokaiseen vastaantulevaan asiaan ja tilanteeseen mahdollisuutena oppia uutta ja kehitty\u00e4.<\/p>\n\n\n\n<p><\/p>\n\n\n\n<p><strong>Pyyd\u00e4 anteeksi, jos olet loukannut tahallisesti tai tahattomasti muita.<\/strong><\/p>\n\n\n\n<p><\/p>\n\n\n\n<p><strong>Turvallinen tila<\/strong><\/p>\n\n\n\n<p>Jos huomaat jonkun k\u00e4ytt\u00e4ytyv\u00e4n asiattomasti tai muutoin rikkovan<\/p>\n\n\n\n<p>turvallisemman tilan toimintaperiaatteita, puutu tilanteeseen ja tarvittaessa ilmoita siit\u00e4 ty\u00f6ntekij\u00e4lle.<\/p>\n\n\n\n<p><\/p>\n\n\n\n<p><strong>Kallioniemen henkil\u00f6st\u00f6<\/strong><\/p>\n","protected":false},"excerpt":{"rendered":"<p>Kunnioita toisen henkil\u00f6kohtaista fyysist\u00e4 ja psyykkist\u00e4 tilaa. Kunnioita itsem\u00e4\u00e4r\u00e4\u00e4misoikeutta. \u00c4l\u00e4 koske toista kysym\u00e4tt\u00e4 lupaa. Muista, ettet voi tiet\u00e4\u00e4 toisen rajoja kysym\u00e4tt\u00e4 niit\u00e4. Pyyd\u00e4 tilaa my\u00f6s itsellesi tarvittaessa. \u00c4l\u00e4 pilkkaa, ivaa, halvenna, sys\u00e4\u00e4 syrj\u00e4\u00e4n tai nolaa ket\u00e4\u00e4n puheillasi, k\u00e4yt\u00f6ksell\u00e4si tai teoillasi. &hellip; <a href=\"http:\/\/www.kesakotikallioniemi.fi\/web\/?page_id=660\">Continue reading <span class=\"meta-nav\">&rarr;<\/span><\/a><\/p>\n","protected":false},"author":2,"featured_media":0,"parent":15,"menu_order":2,"comment_status":"closed","ping_status":"closed","template":"","meta":{"footnotes":""},"class_list":["post-660","page","type-page","status-publish","hentry"],"_links":{"self":[{"href":"http:\/\/www.kesakotikallioniemi.fi\/web\/index.php?rest_route=\/wp\/v2\/pages\/660","targetHints":{"allow":["GET"]}}],"collection":[{"href":"http:\/\/www.kesakotikallioniemi.fi\/web\/index.php?rest_route=\/wp\/v2\/pages"}],"about":[{"href":"http:\/\/www.kesakotikallioniemi.fi\/web\/index.php?rest_route=\/wp\/v2\/types\/page"}],"author":[{"embeddable":true,"href":"http:\/\/www.kesakotikallioniemi.fi\/web\/index.php?rest_route=\/wp\/v2\/users\/2"}],"replies":[{"embeddable":true,"href":"http:\/\/www.kesakotikallioniemi.fi\/web\/index.php?rest_route=%2Fwp%2Fv2%2Fcomments&post=660"}],"version-history":[{"count":1,"href":"http:\/\/www.kesakotikallioniemi.fi\/web\/index.php?rest_route=\/wp\/v2\/pages\/660\/revisions"}],"predecessor-version":[{"id":661,"href":"http:\/\/www.kesakotikallioniemi.fi\/web\/index.php?rest_route=\/wp\/v2\/pages\/660\/revisions\/661"}],"up":[{"embeddable":true,"href":"http:\/\/www.kesakotikallioniemi.fi\/web\/index.php?rest_route=\/wp\/v2\/pages\/15"}],"wp:attachment":[{"href":"http:\/\/www.kesakotikallioniemi.fi\/web\/index.php?rest_route=%2Fwp%2Fv2%2Fmedia&parent=660"}],"curies":[{"name":"wp","href":"https:\/\/api.w.org\/{rel}","templated":true}]}}